50 is divided by 154?
96
Calculate the remainder when 68 is divided by 15.
8
What is the remainder when 72 is divided by 31?
10
What is the remainder when 2175 is divided by 34?
33
What is the remainder when 376 is divided by 128?
120
What is the remainder when 202 is divided by 64?
10
Calculate the remainder when 73 is divided by 24.
1
What is the remainder when 746 is divided by 12?
2
Calculate the remainder when 531 is divided by 27.
18
What is the remainder when 723 is divided by 244?
235
Calculate the remainder when 727 is divided by 163.
75
Calculate the remainder when 593 is divided by 149.
146
Calculate the remainder when 73 is divided by 16.
9
What is the remainder when 249 is divided by 5?
4
What is the remainder when 5230 is divided by 238?
232
What is the remainder when 1355 is divided by 169?
3
What is the remainder when 1271 is divided by 13?
10
What is the remainder when 3283 is divided by 73?
71
What is the remainder when 556 is divided by 33?
28
What is the remainder when 455 is divided by 12?
11
What is the remainder when 172 is divided by 3?
1
Calculate the remainder when 301 is divided by 155.
146
Calculate the remainder when 2771 is divided by 554.
1
Calculate the remainder when 3377 is divided by 31.
29
What is the remainder when 614 is divided by 41?
40
What is the remainder when 936 is divided by 24?
0
What is the remainder when 6439 is divided by 28?
27
What is the remainder when 136 is divided by 35?
31
Calculate the remainder when 2311 is divided by 28.
15
What is the remainder when 2491 is divided by 78?
73
What is the remainder when 1505 is divided by 491?
32
Calculate the remainder when 8694 is divided by 37.
36
What is the remainder when 441 is divided by 33?
12
What is the remainder when 858 is divided by 123?
120
Calculate the remainder when 27 is divided by 13.
1
Calculate the remainder when 158 is divided by 32.
30
Calculate the remainder when 42 is divided by 28.
14
What is the remainder when 464 is divided by 32?
16
Calculate the remainder when 117 is divided by 33.
18
Calculate the remainder when 12543 is divided by 9.
6
What is the remainder when 403 is divided by 45?
43
Calculate the remainder when 198 is divided by 25.
23
Calculate the remainder when 499 is divided by 7.
2
Calculate the remainder when 1521 is divided by 86.
59
What is the remainder when 211 is divided by 44?
35
What is the remainder when 25182 is divided by 32?
30
Calculate the remainder when 138 is divided by 17.
2
Calculate the remainder when 26 is divided by 6.
2
What is the remainder when 620 is divided by 89?
86
What is the remainder when 1630 is divided by 245?
160
Calculate the remainder when 76 is divided by 27.
22
What is the remainder when 26836 is divided by 122?
118
What is the remainder when 41 is divided by 19?
3
Calculate the remainder when 8853 is divided by 164.
161
What is the remainder when 597 is divided by 152?
141
What is the remainder when 1698 is divided by 63?
60
What is the remainder when 41 is divided by 22?
19
What is the remainder when 3711 is divided by 169?
162
Calculate the remainder when 70 is divided by 26.
18
What is the remainder when 534 is divided by 29?
12
Calculate the remainder when 359 is divided by 154.
51
Calculate the remainder when 419 is divided by 43.
32
What is the remainder when 616 is divided by 315?
301
Calculate the remainder when 629 is divided by 311.
7
What is the remainder when 3084 is divided by 1007?
63
What is the remainder when 779 is divided by 10?
9
Calculate the remainder when 89 is divided by 23.
20
Calculate the remainder when 874 is divided by 280.
34
What is the remainder when 416 is divided by 136?
8
What is the remainder when 48 is divided by 27?
21
What is the remainder when 160 is divided by 33?
28
Calculate the remainder when 123 is divided by 82.
41
Calculate the remainder when 777 is divided by 60.
57
Calculate the remainder when 332 is divided by 12.
8
Calculate the remainder when 65 is divided by 17.
14
Calculate the remainder when 682 is divided by 66.
22
Calculate the remainder when 413 is divided by 70.
63
Calculate the remainder when 28 is divided by 18.
10
Calculate the remainder when 63 is divided by 7.
0
What is the remainder when 16919 is divided by 235?
234
What is the remainder when 2092 is divided by 13?
12
Calculate the remainder when 93 is divided by 19.
17
Calculate the remainder when 3754 is divided by 53.
44
Calculate the remainder when 558 is divided by 134.
22
What is the remainder when 1313 is divided by 146?
145
Calculate the remainder when 380 is divided by 202.
178
Calculate the remainder when 230 is divided by 39.
35
What is the remainder when 739 is divided by 39?
37
Calculate the remainder when 1341 is divided by 64.
61
Calculate the remainder when 1595 is divided by 368.
123
What is the remainder when 621 is divided by 158?
147
What is the remainder when 388 is divided by 372?
16
Calculate the remainder when 88 is divided by 13.
10
Calculate the remainder when 308 is divided by 81.
65
Calculate the remainder when 4170 is divided by 97.
96
What is the remainder when 69 is divided by 9?
6
Calculate the remainder when 1774 is divided by 588.
10
Calculate the remainder when 343 is divided by 41.
15
What is the remainder when 4138 is divided by 20?
18
What is the remainder when 2099 is divided by 34?
25
What is the remainder when 645 is divided by 91?
8
What is the remainder when 676 is divided by 230?
216
Calculate the remainder when 4545 is divided by 1514.
3
Calculate the remainder when 334 is divided by 67.
66
What is the remainder when 129 is divided by 48?
33
What is the remainder when 187 is divided by 77?
33
What is the remainder when 198 is divided by 103?
95
Calculate the remainder when 1376 is divided by 13.
11
Calculate the remainder when 2069 is divided by 1022.
25
Calculate the remainder when 702 is divided by 230.
12
Calculate the remainder when 4135 is divided by 188.
187
What is the remainder when 343 is divided by 12?
7
What is the remainder when 80 is divided by 18?
8
Calculate the remainder when 336 is divided by 47.
7
What is the remainder when 375 is divided by 71?
20
Calculate the remainder when 277 is divided by 99.
79
Calculate the remainder when 8798 is divided by 13.
10
Calculate the remainder when 368 is divided by 302.
66
What is the remainder when 2280 is divided by 127?
121
What is the remainder when 71241 is divided by 179?
178
Calculate the remainder when 388 is divided by 15.
13
Calculate the remainder when 12 is divided by 9.
3
What is the remainder when 330 is divided by 46?
8
Calculate the remainder when 4177 is divided by 209.
206
What is the remainder when 67 is divided by 36?
31
Calculate the remainder when 33 is divided by 19.
14
Calculate the remainder when 726 is divided by 23.
13
What is the remainder when 209 is divided by 24?
17
Calculate the remainder when 1199 is divided by 100.
99
What is the remainder when 137 is divided by 83?
54
What is the remainder when 4143 is divided by 6?
3
Calculate the remainder when 12282 is divided by 148.
146
Calculate the remainder when 359 is divided by 19.
17
What is the remainder when 396 is divided by 132?
0
What is the remainder when 1363 is divided by 279?
247
Calculate the remainder when 62 is divided by 7.
6
Calculate the remainder when 1543 is divided by 43.
38
Calculate the remainder when 48 is divided by 17.
14
What is the remainder when 393 is divided by 199?
194
Calculate the remainder when 234 is divided by 35.
24
Calculate the remainder when 484 is divided by 478.
6
What is the remainder when 122 is divided by 86?
36
What is the remainder when 959 is divided by 86?
13
Calculate the remainder when 15 is divided by 9.
6
Calculate the remainder when 385 is divided by 15.
10
What is the remainder when 230 is divided by 49?
34
What is the remainder when 8708 is divided by 99?
95
Calculate the remainder when 846 is divided by 278.
12
Calculate the remainder when 1792 is divided by 296.
16
Calculate the remainder when 157 is divided by 48.
13
What is the remainder when 950 is divided by 20?
10
What is the remainder when 425 is divided by 74?
55
What is the remainder when 35773 is divided by 53?
51
What is the remainder when 1528 is divided by 93?
40